?
2, 3, 41
Let l(c) = 1032*c**2 + 24*c + 72. List the prime factors of l(-3).
2, 3, 43
Let d(u) = 359*u + 3. Suppose 46*j = 5*i + 42*j - 2, 0 = -2*i + 4*j - 4. What are the prime factors of d(i)?
7, 103
Let y = 240 - 178. Suppose 68*x = y*x + 2760. List the prime factors of x.
2, 5, 23
Let n(u) = -6 + 13*u + 8 + 29 + u**2. Suppose 4*l + 77*s = 79*s - 58, l + 5*s + 31 = 0. What are the prime factors of n(l)?
79
Let z = -14366 - -14887. What are the prime factors of z?
521
Let k be -31 - ((-6)/(-2) - 4). Let m be (6/(-4))/(9/k). Suppose 52 = 2*c - m*j, -32 = -3*c - 3*j + 46. What are the prime factors of c?
2, 13
Suppose o = 20*o - 3591. Suppose 16*i + o - 5005 = 0. What are the prime factors of i?
7, 43
Let s(o) = 42*o + 35. Let q be s(10). Let d = -198 + q. What are the prime factors of d?
257
Let b = -302 - -311. Suppose 2*n = -2*v + 844, -2*n - 5*v = -b*v - 820. What are the prime factors of n?
2, 11, 19
Let x(l) = 12*l**3 - 7*l - 9. Suppose 3*s + 4*h - 28 = 0, 16*s = 20*s - 5*h + 4. List the prime factors of x(s).
17, 43
Let w = -236 + 241. Suppose w*i - 362 = 1003. What are the prime factors of i?
3, 7, 13
Let w(o) = 6*o - 3. Let b(g) = 3*g - 2. Let d(t) = 5*b(t) - 3*w(t). Let v be d(-1). What are the prime factors of (14/(-4))/7 + 255/v?
127
Let t(w) = w**2 - 156*w - 919. What are the prime factors of t(-115)?
2, 3, 71
Suppose -4*j + 17 = -x, -2*j + 5*j - 18 = -x. Suppose 5*y - 18 + x = 5*n, 0 = 4*y - 5*n - 7. Suppose -5*a + 77 = -y. List the prime factors of a.
17
Suppose 114*j = 274662 + 366875 + 546001. What are the prime factors of j?
11, 947
Let s(v) = v**3 + 19*v**2 - 10*v + 4. Let u(l) = 18*l + 21. Let f be u(-2). What are the prime factors of s(f)?
2, 17, 31
Let v be (-22449)/14*(2 - (-4)/(-3)). Let x = v - -1914. List the prime factors of x.
5, 13
Suppose -h - 3*m = -0*h - 11, -h - m = -5. What are the prime factors of (-61)/(-122) - (-1517)/h?
3, 11, 23
Let c be 4/6*-2*747/(-2). Let r = c - 258. Let s = -126 + r. List the prime factors of s.
2, 3, 19
Suppose -2*a + t - 59 = 2*t, t - 1 = 0. Let r be (a/4)/(6/12). What are the prime factors of (276/r)/((-6)/15)?
2, 23
Let z(p) = -1443*p - 1. Let w be z(-2). Suppose 5*j - 4*a - w = a, -j + 2*a + 580 = 0. What are the prime factors of j?
2, 7, 41
Suppose 22*p - 81579 = 61*p - 553557. What are the prime factors of p?
2, 3, 2017
Suppose -4*m = 5*z - 18003, 2*z - 3*m - 7204 = -6*m. Suppose 338 = -3*o + z. List the prime factors of o.
1087
Let g(d) = 382*d**2 + 92*d - 528. What are the prime factors of g(6)?
2, 3, 7, 41
Suppose 2*h = 42 - 32. Suppose -5041 = -4*s - h*b, -3 + 18 = -5*b. What are the prime factors of s?
2, 79
Suppose -3*i + 6*i = -d + 38, 0 = d + 1. Suppose 0 = i*x - 2412 + 319. Suppose -2*h + x = 2*h - j, -92 = -3*h - 5*j. List the prime factors of h.
3, 13
Let f = -12841 - -23586. List the prime factors of f.
5, 7, 307
Let u(g) = g**3 + 18*g**2 - 191*g - 75. What are the prime factors of u(21)?
3, 31, 47
Let t(a) = 6*a - 25. Let i be t(10). Let j be 9*(i/15)/7. List the prime factors of (-25 + 0)/(j/(-9)).
3, 5
Let r = 7904 - -2888. List the prime factors of r.
2, 19, 71
Let w(y) = 52*y + 513. List the prime factors of w(52).
3217
What are the prime factors of ((-35)/7 - -19) + 6936?
2, 5, 139
Let k(c) = -23*c**3 - 20*c**2 - 116*c + 10. What are the prime factors of k(-8)?
2, 5717
Suppose -7*m = -10*m + 72. Suppose 0 = -3*b - 15, 4*b + m + 6 = 5*v. Suppose v*n + 7*n = 396. List the prime factors of n.
2, 11
What are the prime factors of (46405/6 - -8) + (-2)/12 + 1?
3, 29, 89
Let c be (-3714)/(-3) - (16 + -19). Suppose -2*z + 4*z - 830 = -2*l, 4*z - c = -3*l. What are the prime factors of l?
419
Let h(j) = -5*j**3 - 18*j**2 - 9*j + 11. Let s(i) = 4*i**3 + 19*i**2 + 8*i - 10. Let c(o) = 2*h(o) + 3*s(o). Let n = 37 - 46. List the prime factors of c(n).
181
Let l be 0 - (-75)/(-6) - (-12)/8. List the prime factors of (l - -4)*(-77 + -11).
2, 7, 11
Let n(m) be the second derivative of m**5/20 - 5*m**4/6 - 13*m**3/2 + 14*m**2 + 48*m. List the prime factors of n(15).
2, 71
Let b = -17076 - -32174. What are the prime factors of b?
2, 7549
Let l(q) = q**3 - 22*q**2 + 43*q - 38. Let m be l(21). Let i = m + -298. List the prime factors of i.
2, 3, 7
Let f(l) be the third derivative of 25*l**4/12 + 17*l**3/3 - 4*l**2 - 10. What are the prime factors of f(17)?
2, 13, 17
Let f = 1172 + -659. Suppose 6*m - 1340 = 538. Let u = f - m. List the prime factors of u.
2, 5
Let z(y) = -162*y**3 - 33*y**2 - 229*y - 30. What are the prime factors of z(-6)?
2, 3, 29, 101
Let h = 178733 + -98418. List the prime factors of h.
5, 16063
Suppose -657436 - 337221 = -16*q - 228081. What are the prime factors of q?
47911
Let p(u) = u**3 + 15*u**2 - 4*u + 18. Let q be -5*(-5)/((-20)/(-8)). Suppose 0 = -5*v + q*v + 75. What are the prime factors of p(v)?
2, 3, 13
Suppose -272 = -5*a + f + 58, 0 = 2*a + 5*f - 132. Let r = 201 - 120. Let n = r - a. List the prime factors of n.
3, 5
Let c = -254 - -838. What are the prime factors of c/3 + 40/(-15) + 3?
3, 5, 13
Suppose -5*y + 1 = 2*l + 3, 0 = 2*y + l + 1. Suppose 5*f + y*b - 3*b = 2745, -4*f = -4*b - 2204. What are the prime factors of f?
2, 3, 7, 13
Let x(k) = 18*k + 8. Let p be x(-2). Let y be -1 + (-26)/(-4) - 14/p. Suppose 5*z - 286 = 3*n, 3*n = -y - 0. What are the prime factors of z?
2, 7
Let b(w) = -w**2 + 31*w - 63. Suppose -15*n + 236 = -34. List the prime factors of b(n).
3, 19
Let u(b) = -27*b - 60. Let g be u(-2). List the prime factors of g/9*987/(-14).
47
Suppose -3*k - 5*w = -18852, w = 148*k - 143*k - 31476. List the prime factors of k.
2, 3, 1049
Let l(s) = 168*s**3 + 8*s**2 - 120*s + 350. List the prime factors of l(3).
2, 11, 19
Let l = 6330 + -3963. What are the prime factors of l?
3, 263
Suppose 5*p - 14540 = -2*j, 10185 - 2914 = j + 3*p. What are the prime factors of j?
5, 1453
Suppose -84683 = -3*m + s, 38248 = 5*m + 2*s - 102894. List the prime factors of m.
2, 7057
Let y = 105855 - 43910. What are the prime factors of y?
5, 13, 953
Suppose -q - 2*v = -9, -4*q + 3*v + 14 = -0*v. Suppose -11*a + q*a + 150 = 0. List the prime factors of 23/((4 + 1)/a).
5, 23
Let m(s) = -2*s**2 - 3*s - 1. Suppose 0 = 2*w - 4, 4*z + 5*w = -3 + 9. Let r be m(z). Suppose -l + r*l - d = -3, 18 = l - 2*d. List the prime factors of l.
2
What are the prime factors of 70705 - 0 - -25*(-26)/(-65)?
5, 14143
Let s = 47762 - 21854. List the prime factors of s.
2, 3, 17, 127
Let u(p) = 7*p - 73. Let s(a) = 4*a**2 + 5. Let z be s(2). List the prime factors of u(z).
2, 37
Let y(f) = 11*f**3 - 16*f**3 - 5*f**2 + 6*f**3 + 6*f + 5*f**3 + 12. What are the prime factors of y(4)?
2, 5, 17
Let z = 2425 - -14929. What are the prime factors of z?
2, 8677
Let f(w) = -3*w**2 + w + 27. Let a be f(0). What are the prime factors of (-36)/a*3 - (-441 - 1)?
2, 3, 73
Suppose -14 = 3*w - 5. Let i = w + 5. Suppose -i*q - x - x + 36 = 0, -5*x = 0. What are the prime factors of q?
2, 3
Let y = -38 - -48. Let g(q) = 11 + 1 - y - 11*q - q**2. List the prime factors of g(-10).
2, 3
Suppose -125*s = -96*s - 34684. What are the prime factors of s?
2, 13, 23
Suppose 92*x - 4784 = 77188. List the prime factors of x.
3, 11
Suppose -3*d + 4*y - 68 = 0, -3*y = -2*d - y - 42. Suppose -23*f - 2077 = 47*f - 3*f. Let p = d - f. List the prime factors of p.
3, 5
Let m = -42 - -38. Let y be (-6)/(-12) + 6/m. What are the prime factors of (6/9)/(8/228) + y?
2, 3
Suppose -t - 7*z + 17617 = -10*z, 17633 = t - z. List the prime factors of t.
13, 23, 59
Suppose 0 = -56*u + 51*u - 260. Let b = 57 + u. Suppose 0*v = -v + b, 5*o - 2*v = 930. List the prime factors of o.
2, 47
Suppose -4*f + 916 = 2*w, w - 395 = -f + 62. Suppose -4*b = -3*q - 1888, -3*q + 470 = 2*b - w. What are the prime factors of b?
7, 67
Let b be (-12)/78 - (-238)/26. Suppose x + 16 = b*x. Suppose 0 = x*u - 144. What are the prime factors of u?
2, 3
Let n = 155218 - 72336. List the prime factors of n.
2, 29, 1429
Let q = 56021 + -27864. List the prime factors of q.
37, 761
Let j(i) = -i**2 + 3*i + 26. Let m be j(6). Let p be 187/7 + m/28. Let y = 45 - p. What are the prime factors of y?
2, 3
What are the prime factors of (181 - 15)*(-1 - -8)?
2, 7, 83
Let y(g) = 9*g + 95. Let z be y(-10). Let a = -1 - -4. Suppose 4*u - z*u + 81 = 4*s, -a